/(-24)) + (-1718)/8. Let r = o - -223. What is the remainder when 20 is divided by r?
2
Let c = 132 + -125. Calculate the remainder when 75 is divided by c + 7/(-21)*0.
5
Suppose 15*d - 46 = -z + 14*d, -5*z = -3*d - 286. What is the remainder when 18283 is divided by z?
51
Suppose -20*f = -l - 14*f + 18, -3*l = 4*f - 142. Suppose m - 5*z = 85, 3*m - 4*z + 67 = 4*m. What is the remainder when m is divided by l?
33
Let u(o) = 5*o - 10. Let x be u(-6). Let m = 78 + -68. Calculate the remainder when (126/m)/((-6)/x) is divided by 22.
18
Let x(i) be the third derivative of 5*i**5/12 + 19*i**4/24 + 3*i**3 + i**2 + 90*i. Calculate the remainder when 115 is divided by x(-1).
19
Let w(d) = 540*d - 4474. Calculate the remainder when w(9) is divided by 14.
8
Suppose 2*n + 3*w - 6*w - 38 = 0, n + w - 29 = 0. Let x(t) = -11*t**2 - 55*t + 2. Calculate the remainder when n is divided by x(-5).
1
Let g(c) = 98*c**3 - c**2 + 2*c - 1. Let d(n) = -2*n + 12. Let l be d(3). Calculate the remainder when g(1) is divided by l/(-15) + (-306)/(-15).
18
Let y = -692 - -696. Suppose -d = 0, y*n = -4*d - 396 + 2384. What is the remainder when n is divided by 50?
47
Suppose 4*t = -4*b + 128, 4*t - 44 = -b + 3. What is the remainder when 1348 is divided by b?
25
Let a(q) = 2*q + 57. Let p be a(-16). Let i(v) = -v**3 + 26*v**2 - 24*v + 4. Calculate the remainder when i(p) is divided by 16.
13
Let m be (478/(-5))/(3/(-15)). Let h = 573 - m. What is the remainder when 372 is divided by h?
87
Let a = -28 - -28. Let y(z) = 5*z**2 - z - 3. Calculate the remainder when 110/2 - (a + 2) is divided by y(-2).
15
Let y(c) = 3*c + 42. Let l be y(-13). What is the remainder when 29/(29/330) + -7 + l is divided by 33?
29
Let s(g) = 5*g + 27. Suppose 27 = 158*u - 149*u. Calculate the remainder when 457 is divided by s(u).
37
Let t = 14 + 22. Let q(m) = -4*m - 12. Let h be q(-4). Suppose 5*s + 2*a = 707, -s - h*a + 270 = s. Calculate the remainder when s is divided by t.
35
Let k(a) = -75*a - 41. Let h be k(-8). Suppose -5*i + 536 + h = 0. Calculate the remainder when i is divided by 37.
34
What is the remainder when (919/(-5))/((-432)/(-720))*-3 is divided by 114?
7
Let d(z) = -z**3 + 9*z**2 - 8*z - 3. Let u be (4/6)/(2/21). Suppose 0*q = 9*q - 54. What is the remainder when d(u) is divided by q?
3
Let v = 23162 + -23056. Calculate the remainder when 530 is divided by v.
0
Let z = -367 + 372. Suppose 313 = z*a + 8*b - 9*b, b - 59 = -a. Calculate the remainder when a is divided by 12/(-9)*12/(-1).
14
Suppose 13*b + 9143 = -9343. Calculate the remainder when b/(-6) + (-12)/2 is divided by 47.
43
Suppose z - 532 = -2*p, -284 = -p - 4*z + 8*z. Let w(h) = h**3 - 12*h**2 + 26*h + 78. What is the remainder when p is divided by w(8)?
28
Let w(s) = -s + 12. Let g be w(7). Let y = 821 - 767. Suppose -g*f = 2*t - y, -5*t = 6*f - f - 60. Calculate the remainder when 47 is divided by f.
7
Let o be ((-6)/(-6))/(-6) - (-61)/6. Calculate the remainder when (-45)/(-6)*36/o is divided by 7.
6
Suppose -a - 5*t + 26 = 3*a, 2*t = a - 13. Suppose a*u + 54 = 225. Calculate the remainder when 34 is divided by u.
15
Let u = 949 + -1042. Let y = 164 + u. Calculate the remainder when y is divided by 19.
14
Let m be (-1 - (-8)/4)/1. Calculate the remainder when 5/((-35)/7)*-127 is divided by 36*m - (-5 - -9).
31
Suppose 0 = 3*a + 12, 0 = -2*z + 3*z - 4*a - 153. Suppose -4*j + 1 = 21. What is the remainder when z is divided by 7/(-1)*1*j?
32
Let h be (11/22)/(5/10750). Let g = h + -1014. What is the remainder when g is divided by (-8)/12 - 190/(-6)?
30
Let d = 7554 - 7177. What is the remainder when d is divided by 17?
3
Suppose 2*l - 5*p = 75, 117*p - 116*p = -4*l + 183. What is the remainder when 265 is divided by l?
40
Let a = 34340 - 34337. What is the remainder when 7821 is divided by a?
0
Let w(f) = f**2 + 18*f - 48. Let x be w(3). Suppose 5 = -3*s - 0*m + 4*m, 30 = 3*s + 3*m. Calculate the remainder when s is divided by 4*(-3)/(-36)*(-6 + x).
2
Let s(t) = t**3 + 5*t**2 - 8*t - 3. Let y = 403 - 398. Suppose -y*w - 222 + 337 = 0. Calculate the remainder when w is divided by s(-6).
5
Let j = -6079 + 6092. What is the remainder when 101 is divided by j?
10
Let o = 16 + -6. Let l(m) be the second derivative of m**3/2 + 3*m**2 - 13*m + 3. Calculate the remainder when 142 is divided by l(o).
34
Let b(y) = -5*y**2 - 6*y + 18. Let d be b(-6). Let l be -2 + (-10)/(-4) - d/4. Suppose -l - 2 = -q. What is the remainder when q is divided by 19?
15
Let u(a) = -31*a - 27. Let n be u(-1). Suppose -7*o + 4*o + 3*l + 267 = 0, -n*l + 148 = 2*o. Calculate the remainder when o is divided by 17.
16
Suppose 0 = -0*p + 5*p - 4*i - 461, -5*i + 470 = 5*p. Let y = -2708 - -2757. What is the remainder when p is divided by y?
44
Calculate the remainder when 332386/76 - 4/8 is divided by 243.
242
Suppose 1856 = 34*n + 1677 - 1079. What is the remainder when 229 is divided by n?
7
Suppose 4*b + 3*s - 40 = 0, 47*s = -2*b + 50*s + 38. Calculate the remainder when 1907 is divided by b.
9
Suppose 2*l - 5*l = 5*f - 112, -4*f - 67 = -3*l. Let w = l - 24. Suppose 27 = -w*k + 82. Calculate the remainder when k is divided by 7.
4
Let a(y) = y**3 + 17*y**2 + 28*y - 6. Calculate the remainder when 1891 is divided by a(-14).
181
Let p(u) = u + 28. Let y = 655 - 337. Calculate the remainder when y is divided by p(12).
38
Let s = 4 - -1. Let i(z) = 7*z + 132. Suppose -m + 54 = -4*m. Calculate the remainder when i(m) is divided by s.
1
Suppose -12 = -4*y + 2*y. Suppose 10*s - 46*s - 10944 = 0. Calculate the remainder when (s/(-12))/(2/y) is divided by 26.
24
Suppose -2*p + 12 = -5*p. Let q(h) = h**2 - h - 7. Suppose 4*k - 168 = -148. What is the remainder when q(p) is divided by k?
3
What is the remainder when 758 is divided by (74/(-148))/((-1)/20)?
8
Let x(l) be the third derivative of 11*l**4/8 - 17*l**3/2 - 85*l**2. What is the remainder when x(2) is divided by 8?
7
Let z = 28 - 36. Let r = z - -17. Suppose r*f - 1199 = -2*f. What is the remainder when f is divided by 22?
21
Let o(b) = 37*b**2 - 2*b - 1. Suppose -3*u + 140 = i, 19 = 3*i + 2*u - 415. Calculate the remainder when 3/(6/i) - -2 is divided by o(-1).
37
What is the remainder when 620 is divided by 2149/25 + 589/14725?
18
Suppose -3*l = -10 + 4. Suppose 2*w - 2*b = -62, 3*w + l*b - b = -105. Let y = w - -49. Calculate the remainder when 39 is divided by y.
9
Suppose -2*m - 2*s = -s - 7, 4*m + 4*s - 8 = 0. Let c be 8*1*6*11/(-8). Let x = c + 72. What is the remainder when x is divided by m?
1
What is the remainder when 265 is divided by 69/(-253) + (-608)/(-11)?
45
Calculate the remainder when 3005 is divided by (50/12)/5 + (-12 - 6076/(-168)).
5
Suppose 0 = -51*z + 280540 - 163219 + 195564. Calculate the remainder when z is divided by 66.
63
Let h be 3 - (-2)/(-2)*-233. Suppose 5*x - 2*l - h + 36 = 0, -160 = -4*x - l. What is the remainder when x is divided by 33?
7
Let l(s) = 2*s - 136. Let h(q) = q + 136. Let b(w) = 7*h(w) + 6*l(w). What is the remainder when 26/(3/(-5) - -1) is divided by b(-6)?
21
Suppose -29*m + 2*z = -24*m - 597, 3*m - 339 = -2*z. Let t = 24 + 7. What is the remainder when m is divided by t?
24
Let m = -2501 - -2560. Calculate the remainder when 2064 is divided by m.
58
Let x be 40/(-10) + 1*16. Suppose 5*h - 195 = -5*i, -x*h = 5*i - 11*h - 203. Calculate the remainder when i is divided by 7.
6
Suppose 4*u - 156 - 272 = 0. Calculate the remainder when 515 is divided by u.
87
Suppose 0 = 100*a - 92*a. Suppose a = 27*o - 136 - 107. Calculate the remainder when 33 is divided by o.
6
Suppose 2*f + 19 = -m + 3*f, 5*m + 2*f = -67. Let n = m - -168. Let y = n + -109. What is the remainder when y is divided by 23?
21
Suppose 485 = -3*v - 388. Let p be (0 + -3)*(v/(-9) + 1). Let q = -82 - p. Calculate the remainder when 29 is divided by q.
11
Calculate the remainder when 798 is divided by 0 - 56/21*(-459)/36.
16
Suppose 0 = -265*f + 389*f - 38936. What is the remainder when f is divided by 83?
65
Suppose 14*k - 228 = 416. What is the remainder when k is divided by (-368)/(-20) - (-3 - (-12)/5)?
8
Let w(d) = 13*d - 9. What is the remainder when w(5) is divided by 286/10 + 26/65?
27
Suppose -r + 2*f - 6793 = -6*r, -2*r = f - 2717. Let z = 725 - r. Let h = -335 - z. Calculate 